et l be q/(-14) - (-512)/14. Let r(m) = 21*m + 18*m - 1 - l*m + 0. Determine r(-1).
-4
Let f(r) = 3*r - 14 + 6 - 5 + 4*r**2 - 6. Let t(c) = c**2 - 2*c - 4. Let b(z) = f(z) - 3*t(z). Give b(-9).
-7
Let n(t) = -6*t**3 + 2*t**2 - 2*t + 1. Let u be 4/(24/(-78)) - -1. Let l be 0*6/u + (-2)/(-2). Determine n(l).
-5
Suppose 7 - 1 = 2*u. Suppose 0 = u*h - 2*o - 48, -5*h + o + 2*o + 79 = 0. Let s be (-2)/(-6)*(-11 + h). Let n(w) = 9*w**2 - w + 1. Calculate n(s).
9
Let k(b) = -2*b**3 + 54*b**2 - 30*b - 1. Let x(p) = -2*p**3 + 63*p**2 - 34*p - 1. Let v(f) = -6*k(f) + 5*x(f). What is v(3)?
4
Let y be 4/(-10) - (-162)/30. Let p(o) be the first derivative of -o**3 + 2*o**2 + o + 140. Give p(y).
-54
Let t(j) = -8*j**3 + 4*j**2 + j + 24. Let n(q) = 19*q**3 - 7*q**2 - q - 51. Let s(w) = -3*n(w) - 7*t(w). What is s(-7)?
13
Let a = 279 + -265. Let s be 8/(-7) - (-2)/a. Let g(u) = -5*u**2. Determine g(s).
-5
Let i(v) = -v**3 - 10*v**2 - 9*v - 91. Let t = 43474 - 43484. Give i(t).
-1
Let u(j) = 111*j**2 + 8*j**3 + 112*j**2 - 3*j - 333*j**2 + 113*j**2. Calculate u(2).
70
Let v = 921 - 933. Let h(x) = 3*x + 30. Calculate h(v).
-6
Let y(p) be the third derivative of p**5/60 - 7*p**4/24 + 11*p**3/6 + 221*p**2 + 2. Let g be y(4). Let f(x) = 6*x. Give f(g).
-6
Let w(d) = d - 1. Let y(z) = z**3 + 12*z**2 + 15*z + 18. Let f be y(-10). Let h(a) = 5*a**2 - 8. Let t be h(-4). Let x = f - t. What is w(x)?
-5
Let b be (-10 - (4 - 6) - 3) + 14. Let r(s) = -3*s**3 + 8*s**2 + s - 7. Determine r(b).
-13
Let b(k) = 0 + 1 + 2*k - 4. Let w be (4/(200/(-75)))/(6/(-20)). Calculate b(w).
7
Let o be 5 - 2331/(-222)*34/(-72). Let k(z) be the third derivative of o*z**4 + 6*z**2 + 0*z - 1/6*z**3 + 0. Determine k(2).
1
Suppose 3*s = -4*h - 0*s - 9, 2*h - s = -17. Let a(u) = 226*u - 12 + 2*u**2 + 223*u - 886*u + 223*u + 217*u - u**2. Calculate a(h).
6
Suppose -1 = m, 5*d - 2*m - 13 = m. Let b(z) = 149 - 73 - d*z + z**2 - 73. Suppose 0 = -4*t - 0*t - 16. Determine b(t).
27
Let b(h) = -h**3 + 7*h**2 + 5*h + 11. Let u be (-301 - -284 - 242/(-14)) + (-108)/(-14). What is b(u)?
-13
Let d(c) be the second derivative of 5*c**3/6 + 12*c**2 - 18*c. Let x be d(-3). Suppose -4*a = x*a - 104. Let b(f) = f**2 - 10*f + 10. What is b(a)?
-6
Let h = -145 + 271. Let c be (-21)/h + 26/12. Let x(g) = 2*g + 6 - 5 + c*g**2 - 4*g - g**3. What is x(2)?
-3
Let k(q) be the first derivative of -q**6/360 + q**5/120 + q**4/12 + 2*q**3 + 7. Let h(s) be the third derivative of k(s). Let z = 139 - 137. Give h(z).
0
Let z(h) be the first derivative of h**3/3 + 9*h**2/2 + 8*h + 11. Let x(q) = -13*q**2 + 27*q**2 - 12*q - 15*q**2 - 35. Let c be x(-9). Calculate z(c).
0
Let b(d) = -d**2 - 5*d. Let t(l) = 14*l + 3. Let g be t(2). Let v(n) = -178*n + g + 1 + n**2 + 198*n. Let r be v(-18). Give b(r).
4
Let m(r) = -6*r + 76. Let q = -3970 - -3983. Calculate m(q).
-2
Let j(p) = 70*p - 214. Let c be j(12). Let l = -622 + c. Let w(i) = -i**2 + i + 3. Determine w(l).
-9
Let j(t) = -10 + 2*t - 3*t - 3. Let q(n) = -12*n**2 - 8*n + 12. Let c be q(1). Give j(c).
-5
Let k = 32085/4 + -8021. Let n(c) be the first derivative of -c**3 + k*c**4 + 3*c - 4*c**2 - 28. Calculate n(5).
13
Suppose 0 = m + 4*b - 5, -m + 12 = -3*b. Suppose 0*w = 2*w + 4*i - 24, -w + i - 3 = 0. Let n(j) = -27*j**w - 23*j**2 - 9*j + 51*j**2 - 3. Determine n(m).
-3
Let g = -12029 - -12029. Let y(m) be the second derivative of -1/2*m**3 - 1/2*m**2 - 1/20*m**5 + g + 5/12*m**4 + 10*m. Give y(4).
3
Let n(b) = 81*b + 96. Let k(f) = -224*f - 286. Let t(d) = 4*k(d) + 11*n(d). What is t(-11)?
-33
Let d be 0/(-1 - -2) - -1. Let x(h) be the third derivative of 0*h**5 + 0*h**4 + h**2 + 0 + 4*h - 1/6*h**3 - 3/40*h**6. Give x(d).
-10
Let d(o) be the first derivative of o**4/4 - 16*o**3/3 - 35*o**2/2 - 16*o + 1197. Calculate d(18).
2
Let a(l) = -5*l - 16. Let b be ((-70)/140)/((-1)/(-6)). Calculate a(b).
-1
Let i(j) = -j. Let t(z) = -z**3 + 23*z**2 - 4. Let d be t(23). Let a(h) = h**2 - 8*h - 47. Let k be a(d). Give i(k).
-1
Let t(l) = 185*l + 2. Let j(f) = 1146*f + 11. Let q(z) = 4*j(z) - 25*t(z). What is q(-1)?
35
Let k(r) = r**2 - 8*r - 8. Suppose 0 = i - 3 + 2, -3*s = 4*i - 394. Suppose 15 = -3*a, 4*a + s = 3*q - 115. Suppose -8*b + q = 11. Calculate k(b).
-8
Let d(o) = -24*o**2 - o + 2. Let k(j) = -78*j - 90. Let f be k(-1). Let r be 5/(15/(-6)) - 36/f. Determine d(r).
-23
Let w(i) = -2 + 2*i**2 - 4 - 5*i + 7 + 2 - 4*i**3 + 3*i. Determine w(2).
-25
Let t(w) = -10*w**2 + 2*w - 100. Let o(z) = -2*z**2 - 20. Let h(p) = 11*o(p) - 2*t(p). Let u(d) be the first derivative of h(d). Give u(-3).
8
Suppose 28*u = 95 + 261 - 76. Let m(g) = -6*g - 12. Calculate m(u).
-72
Let g(n) = -16*n**3 - 2*n - 7*n**2 + 3*n**3 - 3 + 11*n**3 + 3*n**3 - 4. Determine g(8).
41
Let c(x) = 3*x**3 + 5*x**2 - x + 3. Let t be c(2). Let i(l) = 9*l - 406. What is i(t)?
-1
Let d(c) be the first derivative of -13/3*c**3 + 27 - 1/2*c**2 + 11*c + 1/4*c**4. Calculate d(13).
-2
Let f(r) = -2*r + 2. Let l be -2 + ((-12)/9)/(2/(-21)). Let p be 18 + (l/(-16))/((-4)/(-16)). Suppose -7 = -4*i - p. Give f(i).
6
Let q(i) = 4*i**2 + 3*i**3 - 1 - i**3 + 6*i**3 - 2*i**2. Suppose -23*c + 357 = 380. What is q(c)?
-7
Let g(b) = 2*b - 11. Let h be 1/(((-9)/45)/((-12)/5)). Let o = h + 12. Suppose -5*z + 2*z + o = 0. Determine g(z).
5
Let x = -5401 + 5395. Let q(g) = g + 3. What is q(x)?
-3
Let x(j) = 10*j - 11. Let q(w) = -w + 5. Let g(m) = -4*q(m) + x(m). Determine g(-5).
-101
Let s(a) be the second derivative of a**5/20 + a**4/2 - 25*a**3/6 + 12*a**2 - 2736*a. Determine s(-9).
6
Suppose 176*v - 142*v + 195 = -9. Let l(y) = y - 13. Let a(o) = -o + 9. Let f(i) = 7*a(i) + 5*l(i). Determine f(v).
10
Let c(t) = -1. Let q(n) = -n + 10. Let p(f) = -f**2 - 3*f - 2. Let l be p(-1). Suppose l = -3*d - d + 16. Let y(s) = d*c(s) - q(s). What is y(0)?
-14
Let k(l) = 2*l**3 + 105*l**2 - 2. Let g(a) = 3*a**3 + 206*a**2 + 2*a - 11. Let b(y) = g(y) - 2*k(y). Let j(u) = 3*u + 4. Let i be j(-3). Calculate b(i).
8
Let o be (2/16)/(192/(-1536)). Let x(t) = -41*t**2 + t - 1. Let l(k) = 83*k**2 - k + 2. Let b(v) = 3*l(v) + 5*x(v). Give b(o).
43
Let i(p) = -p**2 - 9*p - 8. Let q be 0 + -3 - 43/(-43). Suppose -2*s = -s - 9. Let k be 1/2*(q - -2) - s. What is i(k)?
-8
Let u(v) = 2*v**2 + 17 - 24*v**2 + 15*v + 5*v**2 + 16*v**2 + 3*v**2. Calculate u(-7).
10
Let r be (-948)/132 - (52/(-44) + 1). Let b(g) be the first derivative of -g**2/2 - 8*g + 4. What is b(r)?
-1
Suppose -d + b = -4*d + 10, -35 = -4*d + 3*b. Let y be (-6 - -3) + d + -1. Let p be y*(3 - 8) - -1*3. Let w(c) = -c**2. Calculate w(p).
-4
Let f(c) be the second derivative of -107*c - 5/3*c**3 + 0 - 1/12*c**4 - 1/2*c**2. Let m = 6 - 15. What is f(m)?
8
Let m be -3*(1765/15 + 2/(-6)). Let y = -348 - m. Let j(x) be the first derivative of -x**3/3 + 5*x**2/2 + 3*x + 1. What is j(y)?
7
Let y be (19 - 19)/(1 - 2). Let s(c) = -4*c + c + 0*c + y*c - 16*c. Determine s(1).
-19
Let m(x) = -1 - 39*x**2 + 3672*x - 1840*x - 1829*x. Determine m(1).
-37
Let x = 73 - 71. Suppose 5*r + 29 = x*c, -5*r - 19 = 6. Let d(k) = -6*k + 1. Give d(c).
-11
Let m be 1/(0 + (-1)/(-7)). Let y(p) be the third derivative of p**6/120 - p**5/10 - p**4/3 + 2*p**3/3 - 10314*p**2 - 1. Give y(m).
-3
Let k(o) = 3*o**2 - 11*o - 14. Let x be k(-7). Let t be (-8)/(-14)*(7 - x/20). Let f(m) = -12*m + 1. Give f(t).
25
Let g be 5/10*(-6)/(-3). Let p(i) = 3*i**2 - 2*i + 3. What is p(g)?
4
Let r(g) be the first derivative of -3*g**4 - 8. Let j(d) = 7*d**2 - 28*d + 1. Let n be j(4). Give r(n).
-12
Let g(w) = -3*w - 1. Let o be g(2). Let m = -363 + 365. Let n(y) = -5*y**2 - 9 - 2*y + 8*y - y + 6*y**m. Calculate n(o).
5
Let w(o) = o**3 - 5*o**2 + 5. Let x = 98 + -93. Let j be w(x). Let i(k) = 2*k**3 + 1053*k**2 - k**3 + j - 1058*k**2. Calculate i(5).
5
Let r(j) = 74*j - 33. Let z(o) = -495*o + 229. Let g(i) = -20*r(i) - 3*z(i). Give g(7).
8
Let f = -27129 - -27132. Let l(x) = 6*x**2 - 9*x + 6. Determine l(f).
33
Suppose 4*n - 5*y - 11 = 0, -2*n = -2*y - 4 - 2. Let h be 3/(-6) - (2/n + 2). Let a be (-8)/12 - (-13)/h. Let z(v) = -2*v - 1. Determine z(a).
9
Let w(d) = -d**3 - 3*d**2 - 10. Let q = 1412 - 1417. Give w(q).
40
Let u(i) = -i - 8. Let b(g) = g + 25. Let x be b(-25). Suppose -2*r - 10 = -x*r. What is u(r)?
-3
Let h(s) = 2*s + 17. Let f(i)